the prime factors of f(y)?
17
Let z(y) = -y**2 + 10*y - 2. Let p be z(10). Let c = 8 + p. Let v(a) = a**3 - 5*a**2 - a - 1. List the prime factors of v(c).
29
Suppose 86*f - 1105 = 81*f. What are the prime factors of f?
13, 17
List the prime factors of (-6)/(-4)*74 + 84 + -79.
2, 29
Suppose -87 = 3*f - 1083. Suppose -178 = -p - p + 5*v, -4*v - f = -4*p. What are the prime factors of p?
79
Suppose 6*k = 4*k + v + 8, -5*v = k + 7. Suppose -s = -0*s - o - 137, -2*s + k*o + 272 = 0. What are the prime factors of s?
139
Suppose 3*m - 423 = -3339. Suppose 0 = 2*u + 4*i + 12, -2 = u + 2*i - i. List the prime factors of m/(-24) + u/(-4).
2, 5
Suppose -4 = 4*n - 2*s + 6*s, -2*n = -4*s + 20. Let h be 20/3*6/5. Let g = h - n. List the prime factors of g.
2, 3
Let q(b) = b**2 - 5*b - 5. Let f be q(6). What are the prime factors of 2/(f + (-57)/60)?
2, 5
Let v = -368 - -575. Let j = v + -144. Let s = j + -16. What are the prime factors of s?
47
Let c = -29 + 33. Suppose -k - k = c. What are the prime factors of 228/12 + k/2?
2, 3
Suppose 0 = -2*v - 0*v - 5*u + 1151, 4*u = 20. List the prime factors of v.
563
Let b(r) = 21*r**2 + 19*r + 77. What are the prime factors of b(14)?
7, 13
Suppose 22*g - 16*g = 1284. List the prime factors of g.
2, 107
Let o = -1202 + 3737. List the prime factors of o.
3, 5, 13
Suppose -85*m + 83*m = -262. What are the prime factors of m?
131
What are the prime factors of (62/(-4) + 16)/((-2)/(-3140))?
5, 157
Suppose 0 = -43*g + 35*g + 25784. What are the prime factors of g?
11, 293
Let u(l) be the second derivative of -1/6*l**3 + 1/20*l**5 + 0*l**2 + 2*l + 0 + 0*l**4. List the prime factors of u(2).
2, 3
List the prime factors of ((-234)/(-5))/(-7*22/(-1155)).
3, 13
Suppose 2*c = -0*c + 5*d + 16, -2*d = 4. Let p be (c/(-6))/((-1)/6). Suppose 4*z + 5*t = 252, 0*t = z + p*t - 56. What are the prime factors of z?
2, 17
Let q(p) be the first derivative of 3*p**2/2 + 11*p - 2. List the prime factors of q(11).
2, 11
Let d = 32 + -59. Let c = 28 + d. Let t = 8 - c. List the prime factors of t.
7
Suppose 4*s = -5*i + 164, -3*s + 2*i = -0*i - 100. Suppose -48 - s = -2*j. What are the prime factors of j?
2, 3, 7
Let i = -17 + 18. List the prime factors of 3 + i/((-2)/(-24)).
3, 5
Let w be ((3 - 2) + 0)*5. Suppose -4*a = w*m + 63 + 9, -21 = 3*m - 5*a. Let b(h) = h**3 + 12*h**2 - 2*h - 7. What are the prime factors of b(m)?
17
Let d(m) = m**3 - 10*m**2 - 8*m - 10. Let p(h) = -h**2 + 11*h - 1. Let l be p(11). Let w be (88/32)/(l/(-4)). List the prime factors of d(w).
23
Suppose 42*p = 37*p + 7100. List the prime factors of p.
2, 5, 71
Suppose 2*k + 5336 = 2*p, -5*k = 4*p + 1934 - 12624. What are the prime factors of p?
2, 3, 5, 89
Let u be 3 + (-3)/(9/(-177)). Suppose h = 3*g + 46, h + g - u = -0. List the prime factors of h.
2, 29
Suppose -1000 = -17*c + 3692. What are the prime factors of c?
2, 3, 23
Suppose 24*h = -6*h + 23670. List the prime factors of h.
3, 263
Let w be 4/(-8) + 19/2. Suppose -w*f = -5*f - 152. List the prime factors of f.
2, 19
Let h = -29 + 33. Suppose 5*u = 2*q - q - 10, 5*q - h*u = 29. Suppose 2*p + 5*d - 118 = -13, p - 60 = q*d. What are the prime factors of p?
5, 11
Suppose -2*r + 496 = -318. Suppose -167 = -7*x + r. What are the prime factors of x?
2, 41
Let r = 82 + 190. List the prime factors of r.
2, 17
List the prime factors of (310/(-30) - -7)*-196*6.
2, 5, 7
Let n(o) = 70*o**3 - 2*o + 1. Let u be n(1). Let t = u - 39. List the prime factors of t.
2, 3, 5
Suppose 3*b - 859 = 2042. What are the prime factors of b?
967
Let d(t) = 4*t**2 - 8*t - 1. List the prime factors of d(12).
479
Let x(p) = -p**2 - 6*p. Let i(o) = 2*o**2 + 13*o + 1. Let h(r) = -4*i(r) - 9*x(r). Let a be h(-4). Let k = 10 - a. What are the prime factors of k?
2, 3
Suppose -d - 335 = 4*d. Let s be (1 - (-1113)/(-11)) + (-142)/(-781). Let l = d - s. What are the prime factors of l?
3, 11
Suppose -132*m = -121*m - 10439. List the prime factors of m.
13, 73
Let l(k) = -k**3 - 3*k**2 - 6*k - 12. Let f = -50 - -45. List the prime factors of l(f).
2, 17
Let y(a) be the first derivative of -7*a**3/3 - a**2 - 4*a - 6. Let w(g) be the first derivative of y(g). What are the prime factors of w(-1)?
2, 3
Suppose 0 = -2*c - 0*c + 5*j + 18, 0 = -5*c + 5*j + 60. Let x = -9 + c. What are the prime factors of 4/40*26*x?
13
Let p(j) = -j**3 + 14*j**2 + 13*j + 51. List the prime factors of p(12).
3, 5, 11
Let v(g) = g - 20. Let x be v(23). Suppose -3*w - 531 = -x*c, 0 = -2*c - 7*w + 4*w + 354. What are the prime factors of c?
3, 59
Suppose 0 = -19*d + 7*d + 3960. List the prime factors of d.
2, 3, 5, 11
Suppose -18*l = 4747 - 12433. Suppose x - 4*g + 58 - 183 = 0, 3*x + g = l. What are the prime factors of x?
3, 47
Suppose -4*o + 2*y = -6270, 12*y - 13*y = 2*o - 3137. List the prime factors of o.
2, 7
Suppose d - 2*d = 0. Suppose -2*j - 30 = -5*p + 2*j, 2*p - 4*j - 24 = d. Suppose 5*s - 2*s = -5*b + 72, 6 = p*b. List the prime factors of s.
19
Let r(a) = -1004*a - 102. What are the prime factors of r(-3)?
2, 3, 5, 97
Let u = 1166 - 1129. Let y = -2 - -7. Suppose u = q - y. List the prime factors of q.
2, 3, 7
Suppose -2*h - 11*z + 4480 = -16*z, -2*z - 8976 = -4*h. What are the prime factors of h?
5, 449
Suppose 1408 - 91 = 3*q - 2*t, 2*q - 4*t - 870 = 0. List the prime factors of q.
3, 7
Let d(g) = -44*g - 224. What are the prime factors of d(-17)?
2, 131
Let c(r) = r**3 - 11*r**2 - r + 11. Let k be c(11). Suppose -13*w + 15*w - 166 = k. What are the prime factors of w?
83
Let k(y) = 13*y**2 + 20*y - 67. What are the prime factors of k(4)?
13, 17
Let f be (2 - -2) + 15/5. Suppose 5*s + 42 = f*s. What are the prime factors of s?
3, 7
Suppose 6*q - 3 - 21 = 0. Suppose 44 = q*a - 2*d, -4*a + 32 = -3*d - 16. What are the prime factors of a?
3
Suppose 0 = -3*q + 5*b + 8, -6 = q - 2*q + 5*b. Suppose -5*v + 3*v + w - 190 = 0, -w - 194 = 2*v. What are the prime factors of -1 - (v/4)/q?
23
Let g be (3/9)/((-1)/(-27)). Let f be ((-3)/g)/(2/(-24)). Suppose k - 3 = 4*d, f*k + d = -2*d + 88. What are the prime factors of k?
19
Let f(u) = 15*u - 7. Let z be f(6). Suppose 2*t + 206 = 5*v, -2*v + t = -0*t - z. What are the prime factors of v/(-15)*6/(-4)?
2
Suppose r = n - 4, r + 4*n - 9 = -2*r. Suppose s - 2 = -0*s. List the prime factors of (r + s)/((-2)/(-8)).
2
Let n = -21 + 20. Let u(i) be the third derivative of -i**4/8 - i**3/6 + 2*i**2. List the prime factors of u(n).
2
List the prime factors of 9/(-15) - (584220/25)/(-13).
3, 599
Suppose 5*d - 22 = -7. Suppose 4*g = -2*c + 98, 0 = -2*c + d*g + 154 - 42. What are the prime factors of c?
53
Let i = -38 + 45. Suppose 5*a = 58 + i. What are the prime factors of a?
13
Let u = -3098 + 7454. List the prime factors of u.
2, 3, 11
Suppose -10 + 14 = -4*z. List the prime factors of 257 + z + -6 + 4 - 3.
251
Let l(r) be the third derivative of 65*r**4/24 + r**3/6 + 3*r**2. What are the prime factors of l(1)?
2, 3, 11
Let p = -3 - -7. Suppose p*q - 5 + 1 = 0, -6 = -x - q. Suppose 65 = 4*s - 3*a, x*s - a - 84 = -0*a. What are the prime factors of s?
17
Let n = 2260 + -1299. List the prime factors of n.
31
Let r be 2/(-4 + 2)*0. Suppose 5*p - 5*k + 15 = r, -2*k + 6 = -3*p + 4*p. Let w = 54 + p. List the prime factors of w.
2, 3
Suppose j = -2*j + 15. Suppose j*g - 606 = -36. What are the prime factors of g?
2, 3, 19
Suppose f = -3*n - 0 + 12, 0 = 3*n - 4*f - 12. Suppose 59 = n*o - 17. What are the prime factors of o?
19
What are the prime factors of (1788/8)/(9/18)?
3, 149
List the prime factors of 26451/((-18)/(-2)) - 20/(-4).
2, 23
Let j(f) = 3*f**3 - f**2. Let b be j(1). Suppose b*k = k + 188. List the prime factors of k.
2, 47
Let w(g) = -g**2 + 5*g + 1. Let j be w(4). Let m be 2/25*j*35. Suppose m = -q + 50. What are the prime factors of q?
2, 3
Let y(d) = 496*d**2 - 247*d**2 - 236*d**2 - d + 4. List the prime factors of y(3).
2, 59
List the prime factors of 230 + (-5)/(-10)*2 - 3.
2, 3, 19
Suppose -r = 0, 4840 = -8*w + 12*w + 5*r. What are the prime factors of w?
2, 5, 11
Suppose -4095 = -38*l + 31*l. What are the prime factors of l?
3, 5, 13
Suppose -22*b = -20*b - 712. List the prime factors of b.
2, 89
Let o(c) = -5*c - 4. Suppose 5*i = 2*i - 12. Let u be o(i). Let h = 28 - u. What are the prime factors of h?
2, 3
Let